{"id":115,"date":"2011-09-16T10:52:19","date_gmt":"2011-09-16T10:52:19","guid":{"rendered":"http:\/\/s382669245.onlinehome.fr\/?page_id=115"},"modified":"2022-09-28T14:15:13","modified_gmt":"2022-09-28T14:15:13","slug":"biographie-sonore","status":"publish","type":"page","link":"http:\/\/www.souvenirs-sonores.fr\/souvenirs-sonores\/biographie-sonore\/","title":{"rendered":"Biographie sonore"},"content":{"rendered":"<p><a class=\"imgbio\" href=\"http:\/\/www.souvenirs-sonores.fr\/souvenirs-sonores\/wp-content\/uploads\/2011\/09\/biographie-sonore.jpg\"><img loading=\"lazy\" decoding=\"async\" class=\"alignnone size-full wp-image-1179\" title=\"biographie-sonore\" src=\"http:\/\/www.souvenirs-sonores.fr\/souvenirs-sonores\/wp-content\/uploads\/2011\/09\/biographie-sonore.jpg\" alt=\"biographie sonore\" width=\"642\" height=\"175\" srcset=\"http:\/\/www.souvenirs-sonores.fr\/souvenirs-sonores\/wp-content\/uploads\/2011\/09\/biographie-sonore.jpg 642w, http:\/\/www.souvenirs-sonores.fr\/souvenirs-sonores\/wp-content\/uploads\/2011\/09\/biographie-sonore-300x81.jpg 300w\" sizes=\"auto, (max-width: 642px) 100vw, 642px\" \/><\/a><\/p>\n<p>\u00a0<\/p>\n<p>\u00a0<\/p>\n<p>\u00a0<\/p>\n<p>Vous souhaitez laisser une trace de votre histoire, votre parcours de vie, votre exp\u00e9rience,vos souvenirs.<br \/>Pour vos enfants, petits enfants, amis\u2026Votre vie racont\u00e9e sur un CD.<\/p>\n<p>Parler au lieu d&rsquo;\u00e9crire : <strong>la biographie devient accessible \u00e0 tous<\/strong><\/p>\n<p>\u2022 Je vous enregistre lors d\u2019un entretien men\u00e9 comme une interview ou une conversation.<br \/>\u2022 Je r\u00e9alise de mani\u00e8re professionnelle un cd de votre vie enrichie d&rsquo;ambiance sonore : un r\u00e9cit vivant avec l\u2019\u00e9motion unique de votre voix.<\/p>\n<div class=\"audiopagebio\">Ecoutez un extrait :<\/div>\n\n\n<figure class=\"wp-block-audio\"><audio controls src=\"http:\/\/www.souvenirs-sonores.fr\/souvenirs-sonores\/wp-content\/uploads\/2011\/09\/Extrait-de-guerre-320-khz.mp3\"><\/audio><\/figure>\n\n\n\n<p><a href=\"http:\/\/www.souvenirs-sonores.fr\/souvenirs-sonores\/biographie-sonore\/comment-ca-se-passe-bio\">Comment \u00e7a se passe ?<\/a><\/p>\n\n\n\n<p><\/p>\n<!-- Start Shareaholic Recommendations Automatic --><!-- End Shareaholic Recommendations Automatic -->","protected":false},"excerpt":{"rendered":"<p>\u00a0 \u00a0 \u00a0 Vous souhaitez laisser une trace de votre histoire, votre parcours de vie, votre exp\u00e9rience,vos souvenirs.Pour vos enfants, petits enfants, amis\u2026Votre vie racont\u00e9e sur un CD. Parler au lieu d&rsquo;\u00e9crire : la biographie devient accessible \u00e0 tous \u2022 Je vous enregistre lors d\u2019un entretien men\u00e9 comme une interview ou une conversation.\u2022 Je r\u00e9alise&hellip; <a class=\"more-link\" href=\"http:\/\/www.souvenirs-sonores.fr\/souvenirs-sonores\/biographie-sonore\/\">Poursuivre la lecture <span class=\"screen-reader-text\">Biographie sonore<\/span><\/a><\/p>\n","protected":false},"author":1,"featured_media":0,"parent":0,"menu_order":1,"comment_status":"closed","ping_status":"closed","template":"","meta":{"footnotes":""},"class_list":["post-115","page","type-page","status-publish","hentry","entry"],"_links":{"self":[{"href":"http:\/\/www.souvenirs-sonores.fr\/souvenirs-sonores\/wp-json\/wp\/v2\/pages\/115","targetHints":{"allow":["GET"]}}],"collection":[{"href":"http:\/\/www.souvenirs-sonores.fr\/souvenirs-sonores\/wp-json\/wp\/v2\/pages"}],"about":[{"href":"http:\/\/www.souvenirs-sonores.fr\/souvenirs-sonores\/wp-json\/wp\/v2\/types\/page"}],"author":[{"embeddable":true,"href":"http:\/\/www.souvenirs-sonores.fr\/souvenirs-sonores\/wp-json\/wp\/v2\/users\/1"}],"replies":[{"embeddable":true,"href":"http:\/\/www.souvenirs-sonores.fr\/souvenirs-sonores\/wp-json\/wp\/v2\/comments?post=115"}],"version-history":[{"count":135,"href":"http:\/\/www.souvenirs-sonores.fr\/souvenirs-sonores\/wp-json\/wp\/v2\/pages\/115\/revisions"}],"predecessor-version":[{"id":1885,"href":"http:\/\/www.souvenirs-sonores.fr\/souvenirs-sonores\/wp-json\/wp\/v2\/pages\/115\/revisions\/1885"}],"wp:attachment":[{"href":"http:\/\/www.souvenirs-sonores.fr\/souvenirs-sonores\/wp-json\/wp\/v2\/media?parent=115"}],"curies":[{"name":"wp","href":"https:\/\/api.w.org\/{rel}","templated":true}]}}