{"id":302,"date":"2011-09-20T15:52:28","date_gmt":"2011-09-20T15:52:28","guid":{"rendered":"http:\/\/www.souvenirs-sonores.fr\/souvenirs-sonores\/?page_id=302"},"modified":"2011-10-14T12:57:46","modified_gmt":"2011-10-14T12:57:46","slug":"comment-ca-se-passe-event","status":"publish","type":"page","link":"http:\/\/www.souvenirs-sonores.fr\/souvenirs-sonores\/evenement-sonore\/comment-ca-se-passe-event\/","title":{"rendered":"Comment \u00e7a se passe ?"},"content":{"rendered":"<p><a class=\"imgbio\" href=\"http:\/\/www.souvenirs-sonores.fr\/souvenirs-sonores\/wp-content\/uploads\/2011\/09\/evenement-sonore.jpg\"><img loading=\"lazy\" decoding=\"async\" src=\"http:\/\/www.souvenirs-sonores.fr\/souvenirs-sonores\/wp-content\/uploads\/2011\/09\/evenement-sonore.jpg\" alt=\"\u00e9v\u00e8nement sonore\" title=\"evenement-sonore\" width=\"648\" height=\"166\" class=\"alignnone size-full wp-image-1218\" srcset=\"http:\/\/www.souvenirs-sonores.fr\/souvenirs-sonores\/wp-content\/uploads\/2011\/09\/evenement-sonore.jpg 648w, http:\/\/www.souvenirs-sonores.fr\/souvenirs-sonores\/wp-content\/uploads\/2011\/09\/evenement-sonore-300x76.jpg 300w\" sizes=\"auto, (max-width: 648px) 100vw, 648px\" \/><\/a><\/p>\n<p><\/p>\n<p class=\"contenu1\"><strong>Comment \u00e7a se passe ?<\/strong><\/p>\n<p><\/p>\n<p ><strong>Un \u00e9v\u00e8nement sonore en 4 \u00e9tapes<\/strong><\/p>\n<p><strong>1 \u2022 La pr\u00e9paration<\/strong><\/p>\n<p>Nous d\u00e9finissons \u00e0 quel moment de l&rsquo;\u00e9v\u00e8nement vous souhaitez que j&rsquo;enregistre le t\u00e9moignage des invit\u00e9s.<\/p>\n<p><strong>2 \u2022 L&rsquo;enregistrement<\/strong><\/p>\n<p><P>Je me d\u00e9place le jour J avec un mat\u00e9riel professionnel et discret.<\/P><\/p>\n<p>Au d\u00e9but de l&rsquo;\u00e9v\u00e8nement, je remets aux convives, <strong>une invitation \u00e0 venir enregistrer<\/strong> leur t\u00e9moignage sonore.<br \/>(Un souvenir commun, une anecdote, une d\u00e9claration&#8230;ou un message particulier)<\/p>\n<p>J&rsquo;enregistre les t\u00e9moignages des invit\u00e9s ainsi que les ambiances sonores de l&rsquo;\u00e9v\u00e8nement.<\/p>\n<p><strong>3 \u2022 Le montage<\/strong><\/p>\n<p style=\"text-align: left;\">Viens ensuite le montage des diff\u00e9rents t\u00e9moignages afin de rendre le tout homog\u00e8ne et agr\u00e9able \u00e0 l&rsquo;\u00e9coute.<\/p>\n<p><strong>4 \u2022 Le mixage, le mastering et le gravage du cd<\/strong><\/p>\n<p style=\"text-align: left;\">Je m&rsquo;occupe ensuite du mixage et du mastering pour graver un cd avec un son unique et professionnel.<\/p>\n<p>Je vous envoie le cd master (+ les \u00e9ventuelles copie de cd) par courrier postal un mois apr\u00e8s la date d&rsquo;enregistrement.<\/p>\n<p><a class=\"lien1\" href=\"http:\/\/www.souvenirs-sonores.fr\/souvenirs-sonores\/evenement-sonore-2\/tarif-evenement-sonore\">Tarif<\/a><\/p>\n<!-- Start Shareaholic Recommendations Automatic --><!-- End Shareaholic Recommendations Automatic -->","protected":false},"excerpt":{"rendered":"<p>Comment \u00e7a se passe ? Un \u00e9v\u00e8nement sonore en 4 \u00e9tapes 1 \u2022 La pr\u00e9paration Nous d\u00e9finissons \u00e0 quel moment de l&rsquo;\u00e9v\u00e8nement vous souhaitez que j&rsquo;enregistre le t\u00e9moignage des invit\u00e9s. 2 \u2022 L&rsquo;enregistrement Je me d\u00e9place le jour J avec un mat\u00e9riel professionnel et discret. Au d\u00e9but de l&rsquo;\u00e9v\u00e8nement, je remets aux convives, une invitation&hellip; <a class=\"more-link\" href=\"http:\/\/www.souvenirs-sonores.fr\/souvenirs-sonores\/evenement-sonore\/comment-ca-se-passe-event\/\">Poursuivre la lecture <span class=\"screen-reader-text\">Comment \u00e7a se passe ?<\/span><\/a><\/p>\n","protected":false},"author":1,"featured_media":0,"parent":484,"menu_order":1,"comment_status":"closed","ping_status":"closed","template":"","meta":{"footnotes":""},"class_list":["post-302","page","type-page","status-publish","hentry","entry"],"_links":{"self":[{"href":"http:\/\/www.souvenirs-sonores.fr\/souvenirs-sonores\/wp-json\/wp\/v2\/pages\/302","targetHints":{"allow":["GET"]}}],"collection":[{"href":"http:\/\/www.souvenirs-sonores.fr\/souvenirs-sonores\/wp-json\/wp\/v2\/pages"}],"about":[{"href":"http:\/\/www.souvenirs-sonores.fr\/souvenirs-sonores\/wp-json\/wp\/v2\/types\/page"}],"author":[{"embeddable":true,"href":"http:\/\/www.souvenirs-sonores.fr\/souvenirs-sonores\/wp-json\/wp\/v2\/users\/1"}],"replies":[{"embeddable":true,"href":"http:\/\/www.souvenirs-sonores.fr\/souvenirs-sonores\/wp-json\/wp\/v2\/comments?post=302"}],"version-history":[{"count":35,"href":"http:\/\/www.souvenirs-sonores.fr\/souvenirs-sonores\/wp-json\/wp\/v2\/pages\/302\/revisions"}],"predecessor-version":[{"id":1460,"href":"http:\/\/www.souvenirs-sonores.fr\/souvenirs-sonores\/wp-json\/wp\/v2\/pages\/302\/revisions\/1460"}],"up":[{"embeddable":true,"href":"http:\/\/www.souvenirs-sonores.fr\/souvenirs-sonores\/wp-json\/wp\/v2\/pages\/484"}],"wp:attachment":[{"href":"http:\/\/www.souvenirs-sonores.fr\/souvenirs-sonores\/wp-json\/wp\/v2\/media?parent=302"}],"curies":[{"name":"wp","href":"https:\/\/api.w.org\/{rel}","templated":true}]}}