{"id":309,"date":"2011-09-20T15:56:22","date_gmt":"2011-09-20T15:56:22","guid":{"rendered":"http:\/\/www.souvenirs-sonores.fr\/souvenirs-sonores\/?page_id=309"},"modified":"2012-06-14T15:08:29","modified_gmt":"2012-06-14T15:08:29","slug":"tarif-evenement-sonore","status":"publish","type":"page","link":"http:\/\/www.souvenirs-sonores.fr\/souvenirs-sonores\/evenement-sonore\/tarif-evenement-sonore\/","title":{"rendered":"Tarif"},"content":{"rendered":"<p><a class=\"imgbio\" href=\"http:\/\/www.souvenirs-sonores.fr\/souvenirs-sonores\/wp-content\/uploads\/2011\/09\/evenement-sonore.jpg\"><img decoding=\"async\" src=\"http:\/\/www.souvenirs-sonores.fr\/souvenirs-sonores\/wp-content\/uploads\/2011\/09\/evenement-sonore.jpg\" alt=\"\u00e9v\u00e8nement sonore\" title=\"evenement-sonore\" ><\/a><\/p>\n<p><\/p>\n<p><span class=\"contenu1\"><strong>Prix de l&rsquo;\u00e9v\u00e8nement sonore :<\/strong><\/span><strong> 690 \u20ac ttc<\/strong><br \/> (le r\u00e8glement s&rsquo;effectue \u00e0 la fin de la s\u00e9ance d&rsquo;enregistrement)<\/p>\n<p><strong>Ce prix comprend :<\/strong><\/p>\n<p>\u2022 L\u2019enregistrement, le montage audio, le mixage et le mastering. \u2022 1 CD audio (master),<br \/>avec un bo\u00eetier format long DVD et une jaquette g\u00e9n\u00e9rique.<\/p>\n<p>\u2022 Le fichier audio au format mp3 \/ wav ou aif pour permettre d\u2019\u00e9couter sur les nouveaux<br \/>lecteurs audio num\u00e9riques.<\/p>\n<p>\u2022 L&rsquo;envoi par courrier du cd<\/p>\n<p><strong>Ce prix ne comprend pas :<\/strong><\/p>\n<p style=\"text-align: left;\">\u2022 Les frais de d\u00e9placement si en dehors de la r\u00e9gion lyonnaise : <a class=\"lien1\" href=\"http:\/\/www.souvenirs-sonores.fr\/souvenirs-sonores\/contact\">contactez-moi<\/a> pour un devis sur mesure<\/p>\n<p><a class=\"lien1\" href=\"http:\/\/www.souvenirs-sonores.fr\/souvenirs-sonores\">Retour<\/a><\/p>\n<!-- Start Shareaholic Recommendations Automatic --><!-- End Shareaholic Recommendations Automatic -->","protected":false},"excerpt":{"rendered":"<p>Prix de l&rsquo;\u00e9v\u00e8nement sonore : 690 \u20ac ttc (le r\u00e8glement s&rsquo;effectue \u00e0 la fin de la s\u00e9ance d&rsquo;enregistrement) Ce prix comprend : \u2022 L\u2019enregistrement, le montage audio, le mixage et le mastering. \u2022 1 CD audio (master),avec un bo\u00eetier format long DVD et une jaquette g\u00e9n\u00e9rique. \u2022 Le fichier audio au format mp3 \/ wav&hellip; <a class=\"more-link\" href=\"http:\/\/www.souvenirs-sonores.fr\/souvenirs-sonores\/evenement-sonore\/tarif-evenement-sonore\/\">Poursuivre la lecture <span class=\"screen-reader-text\">Tarif<\/span><\/a><\/p>\n","protected":false},"author":1,"featured_media":0,"parent":484,"menu_order":2,"comment_status":"closed","ping_status":"closed","template":"","meta":{"footnotes":""},"class_list":["post-309","page","type-page","status-publish","hentry","entry"],"_links":{"self":[{"href":"http:\/\/www.souvenirs-sonores.fr\/souvenirs-sonores\/wp-json\/wp\/v2\/pages\/309","targetHints":{"allow":["GET"]}}],"collection":[{"href":"http:\/\/www.souvenirs-sonores.fr\/souvenirs-sonores\/wp-json\/wp\/v2\/pages"}],"about":[{"href":"http:\/\/www.souvenirs-sonores.fr\/souvenirs-sonores\/wp-json\/wp\/v2\/types\/page"}],"author":[{"embeddable":true,"href":"http:\/\/www.souvenirs-sonores.fr\/souvenirs-sonores\/wp-json\/wp\/v2\/users\/1"}],"replies":[{"embeddable":true,"href":"http:\/\/www.souvenirs-sonores.fr\/souvenirs-sonores\/wp-json\/wp\/v2\/comments?post=309"}],"version-history":[{"count":43,"href":"http:\/\/www.souvenirs-sonores.fr\/souvenirs-sonores\/wp-json\/wp\/v2\/pages\/309\/revisions"}],"predecessor-version":[{"id":1589,"href":"http:\/\/www.souvenirs-sonores.fr\/souvenirs-sonores\/wp-json\/wp\/v2\/pages\/309\/revisions\/1589"}],"up":[{"embeddable":true,"href":"http:\/\/www.souvenirs-sonores.fr\/souvenirs-sonores\/wp-json\/wp\/v2\/pages\/484"}],"wp:attachment":[{"href":"http:\/\/www.souvenirs-sonores.fr\/souvenirs-sonores\/wp-json\/wp\/v2\/media?parent=309"}],"curies":[{"name":"wp","href":"https:\/\/api.w.org\/{rel}","templated":true}]}}